{"id":8886,"date":"2024-01-10T14:22:35","date_gmt":"2024-01-10T17:22:35","guid":{"rendered":"https:\/\/www.coferly.com.br\/wp-content\/uploads\/2024\/01\/Coferly-Cosmetica-Terceirizacao-Cosmetico-Sao-Paulo-Fabrica.png"},"modified":"2025-02-06T13:32:44","modified_gmt":"2025-02-06T16:32:44","slug":"coferly-cosmetica-terceirizacao-cosmetico-sao-paulo-fabrica-2","status":"inherit","type":"attachment","link":"https:\/\/www.coferly.com.br\/en\/structure-and-services\/coferly-cosmetica-terceirizacao-cosmetico-sao-paulo-fabrica-2\/","title":{"rendered":"Coferly-Cosm\u00e9tica-Terceiriza\u00e7\u00e3o-Cosmetico-Sao-Paulo-Fabrica"},"author":1,"featured_media":0,"comment_status":"closed","ping_status":"closed","template":"","meta":{"site-sidebar-layout":"default","site-content-layout":"","ast-site-content-layout":"default","site-content-style":"default","site-sidebar-style":"default","ast-global-header-display":"","ast-banner-title-visibility":"","ast-main-header-display":"","ast-hfb-above-header-display":"","ast-hfb-below-header-display":"","ast-hfb-mobile-header-display":"","site-post-title":"","ast-breadcrumbs-content":"","ast-featured-img":"","footer-sml-layout":"","ast-disable-related-posts":"","theme-transparent-header-meta":"","adv-header-id-meta":"","stick-header-meta":"","header-above-stick-meta":"","header-main-stick-meta":"","header-below-stick-meta":"","astra-migrate-meta-layouts":"default","ast-page-background-enabled":"default","ast-page-background-meta":{"desktop":{"background-color":"var(--ast-global-color-4)","background-image":"","background-repeat":"repeat","background-position":"center center","background-size":"auto","background-attachment":"scroll","background-type":"","background-media":"","overlay-type":"","overlay-color":"","overlay-opacity":"","overlay-gradient":""},"tablet":{"background-color":"","background-image":"","background-repeat":"repeat","background-position":"center center","background-size":"auto","background-attachment":"scroll","background-type":"","background-media":"","overlay-type":"","overlay-color":"","overlay-opacity":"","overlay-gradient":""},"mobile":{"background-color":"","background-image":"","background-repeat":"repeat","background-position":"center center","background-size":"auto","background-attachment":"scroll","background-type":"","background-media":"","overlay-type":"","overlay-color":"","overlay-opacity":"","overlay-gradient":""}},"ast-content-background-meta":{"desktop":{"background-color":"var(--ast-global-color-5)","background-image":"","background-repeat":"repeat","background-position":"center center","background-size":"auto","background-attachment":"scroll","background-type":"","background-media":"","overlay-type":"","overlay-color":"","overlay-opacity":"","overlay-gradient":""},"tablet":{"background-color":"var(--ast-global-color-5)","background-image":"","background-repeat":"repeat","background-position":"center center","background-size":"auto","background-attachment":"scroll","background-type":"","background-media":"","overlay-type":"","overlay-color":"","overlay-opacity":"","overlay-gradient":""},"mobile":{"background-color":"var(--ast-global-color-5)","background-image":"","background-repeat":"repeat","background-position":"center center","background-size":"auto","background-attachment":"scroll","background-type":"","background-media":"","overlay-type":"","overlay-color":"","overlay-opacity":"","overlay-gradient":""}}},"class_list":["post-8886","attachment","type-attachment","status-inherit","hentry"],"description":{"rendered":"<p class=\"attachment\"><a href='https:\/\/www.coferly.com.br\/wp-content\/uploads\/2024\/01\/Coferly-Cosmetica-Terceirizacao-Cosmetico-Sao-Paulo-Fabrica.png'><img fetchpriority=\"high\" decoding=\"async\" width=\"235\" height=\"300\" src=\"https:\/\/www.coferly.com.br\/wp-content\/uploads\/2024\/01\/Coferly-Cosmetica-Terceirizacao-Cosmetico-Sao-Paulo-Fabrica-235x300.png\" class=\"attachment-medium size-medium\" alt=\"\" srcset=\"https:\/\/www.coferly.com.br\/wp-content\/uploads\/2024\/01\/Coferly-Cosmetica-Terceirizacao-Cosmetico-Sao-Paulo-Fabrica-235x300.png 235w, https:\/\/www.coferly.com.br\/wp-content\/uploads\/2024\/01\/Coferly-Cosmetica-Terceirizacao-Cosmetico-Sao-Paulo-Fabrica.png 469w\" sizes=\"(max-width: 235px) 100vw, 235px\" \/><\/a><\/p>\n"},"caption":{"rendered":""},"alt_text":"","media_type":"image","mime_type":"image\/png","media_details":{"width":469,"height":600,"file":"2024\/01\/Coferly-Cosmetica-Terceirizacao-Cosmetico-Sao-Paulo-Fabrica.png","filesize":515089,"sizes":{"medium":{"file":"Coferly-Cosmetica-Terceirizacao-Cosmetico-Sao-Paulo-Fabrica-235x300.png","width":235,"height":300,"filesize":127972,"mime_type":"image\/png","source_url":"https:\/\/www.coferly.com.br\/wp-content\/uploads\/2024\/01\/Coferly-Cosmetica-Terceirizacao-Cosmetico-Sao-Paulo-Fabrica-235x300.png"},"thumbnail":{"file":"Coferly-Cosmetica-Terceirizacao-Cosmetico-Sao-Paulo-Fabrica-150x150.png","width":150,"height":150,"filesize":46937,"mime_type":"image\/png","source_url":"https:\/\/www.coferly.com.br\/wp-content\/uploads\/2024\/01\/Coferly-Cosmetica-Terceirizacao-Cosmetico-Sao-Paulo-Fabrica-150x150.png"},"full":{"file":"Coferly-Cosmetica-Terceirizacao-Cosmetico-Sao-Paulo-Fabrica.png","width":469,"height":600,"mime_type":"image\/png","source_url":"https:\/\/www.coferly.com.br\/wp-content\/uploads\/2024\/01\/Coferly-Cosmetica-Terceirizacao-Cosmetico-Sao-Paulo-Fabrica.png"}},"image_meta":{"aperture":"0","credit":"","camera":"","caption":"","created_timestamp":"0","copyright":"","focal_length":"0","iso":"0","shutter_speed":"0","title":"","orientation":"0","keywords":[]}},"post":8995,"source_url":"https:\/\/www.coferly.com.br\/wp-content\/uploads\/2024\/01\/Coferly-Cosmetica-Terceirizacao-Cosmetico-Sao-Paulo-Fabrica.png","_links":{"self":[{"href":"https:\/\/www.coferly.com.br\/en\/wp-json\/wp\/v2\/media\/8886","targetHints":{"allow":["GET"]}}],"collection":[{"href":"https:\/\/www.coferly.com.br\/en\/wp-json\/wp\/v2\/media"}],"about":[{"href":"https:\/\/www.coferly.com.br\/en\/wp-json\/wp\/v2\/types\/attachment"}],"author":[{"embeddable":true,"href":"https:\/\/www.coferly.com.br\/en\/wp-json\/wp\/v2\/users\/1"}],"replies":[{"embeddable":true,"href":"https:\/\/www.coferly.com.br\/en\/wp-json\/wp\/v2\/comments?post=8886"}],"wp:attached-to":[{"embeddable":true,"post_type":"page","id":8995,"href":"https:\/\/www.coferly.com.br\/en\/wp-json\/wp\/v2\/pages\/8995"}],"curies":[{"name":"wp","href":"https:\/\/api.w.org\/{rel}","templated":true}]}}

Coferly-Cosmética-Terceirização-Cosmetico-Sao-Paulo-Fabrica
